 the highest common divisor of 220314 and 94608?
438
What is the greatest common divisor of 10816526 and 4984?
1246
Calculate the highest common factor of 19 and 632434.
19
Calculate the greatest common divisor of 100 and 19396250.
50
Calculate the greatest common divisor of 6462989 and 26.
13
What is the greatest common divisor of 170 and 22325981?
17
What is the greatest common divisor of 298337521 and 62?
31
What is the highest common factor of 10043936 and 2324?
28
What is the greatest common factor of 1572021 and 1598553?
6633
What is the highest common divisor of 147207468 and 60?
12
Calculate the highest common factor of 13411502 and 845.
169
Calculate the highest common factor of 1139 and 580222546.
1139
What is the highest common factor of 2799390 and 295460?
1870
What is the greatest common divisor of 16375758 and 10374?
798
What is the greatest common factor of 11481053 and 67?
67
What is the greatest common divisor of 565 and 2210506?
113
Calculate the highest common divisor of 135826637 and 1161.
43
Calculate the highest common factor of 199563 and 1215266.
559
Calculate the highest common divisor of 134639430 and 9159.
213
Calculate the highest common factor of 784 and 764078.
14
Calculate the greatest common factor of 1114568 and 786934.
3062
What is the greatest common divisor of 72495 and 9855?
135
Calculate the greatest common factor of 203842175 and 34900.
8725
Calculate the greatest common factor of 57117 and 8667564.
237
What is the highest common divisor of 31080 and 2671620?
420
Calculate the highest common factor of 119382 and 265359.
591
What is the greatest common divisor of 2176 and 52046656?
1088
Calculate the greatest common factor of 1326686 and 230.
46
Calculate the highest common divisor of 204 and 711084.
12
What is the highest common divisor of 352701826 and 1748?
874
What is the highest common divisor of 26 and 469790438?
26
Calculate the highest common divisor of 23190 and 4890.
30
What is the highest common factor of 4876 and 19348474?
46
Calculate the greatest common factor of 8 and 19714668.
4
What is the greatest common divisor of 6389187 and 84?
21
Calculate the highest common divisor of 69579 and 1375259.
859
What is the greatest common factor of 48175 and 1271350?
1175
What is the greatest common divisor of 62037 and 904569?
183
What is the highest common factor of 1110 and 64412930?
370
Calculate the highest common divisor of 9637370 and 2242.
38
What is the highest common divisor of 456 and 218936202?
114
Calculate the greatest common factor of 15660 and 1652652.
1044
Calculate the greatest common divisor of 3517700 and 2175.
725
What is the greatest common divisor of 7822173 and 129?
129
What is the greatest common factor of 64648650 and 97350?
1650
Calculate the highest common divisor of 781476 and 20.
4
What is the highest common divisor of 4952707 and 99093?
1943
Calculate the highest common factor of 135749 and 11205861.
4379
What is the highest common factor of 1449 and 4305371?
7
Calculate the highest common divisor of 6997750 and 460.
230
What is the greatest common divisor of 1516487500 and 2959?
2959
Calculate the highest common divisor of 2990 and 78390325.
1495
Calculate the highest common factor of 120 and 54342020.
20
What is the greatest common divisor of 5960289 and 79281?
69
Calculate the greatest common factor of 2288546 and 148096.
2314
Calculate the highest common factor of 4585 and 7220185.
35
Calculate the greatest common factor of 5977720 and 16870.
70
What is the greatest common divisor of 2841825 and 205485?
105
Calculate the highest common factor of 6895733 and 77779.
403
What is the greatest common divisor of 297 and 25941256?
11
Calculate the greatest common divisor of 4008 and 319304.
1336
What is the highest common divisor of 286423432 and 8?
8
What is the highest common factor of 61193486 and 74?
74
What is the greatest common factor of 57704 and 634?
2
Calculate the highest common divisor of 9637 and 835067.
419
What is the highest common divisor of 14763 and 15430147?
703
Calculate the highest common factor of 327978 and 232722.
126
Calculate the highest common factor of 9969936 and 12720.
2544
Calculate the greatest common factor of 159512594 and 9572.
4786
What is the highest common factor of 7785017 and 46?
23
Calculate the highest common divisor of 194625 and 38475.
225
Calculate the greatest common factor of 5755716 and 3172.
244
Calculate the highest common factor of 117931419 and 1035.
207
Calculate the highest common factor of 235697126 and 9436.
4718
What is the greatest common divisor of 20840300 and 88205?
1495
What is the greatest common divisor of 767 and 149923956?
767
Calculate the highest common factor of 917 and 9715877.
131
What is the greatest common factor of 6262165 and 245?
35
Calculate the greatest common factor of 42228355 and 195.
65
What is the highest common divisor of 19242060 and 780?
60
Calculate the highest common divisor of 249 and 2550175.
83
Calculate the highest common factor of 680205 and 36305.
685
What is the greatest common divisor of 1294280 and 152?
152
What is the greatest common divisor of 86451 and 19029?
3
What is the highest common divisor of 12716 and 25193575?
3179
Calculate the highest common divisor of 344310 and 535926.
2994
What is the highest common factor of 120 and 14465112?
24
Calculate the highest common divisor of 19323 and 64285474.
2147
What is the highest common divisor of 60 and 682938?
6
What is the greatest common divisor of 50765 and 998899?
781
What is the greatest common factor of 25949895 and 3490?
1745
Calculate the greatest common divisor of 1653618 and 9.
3
Calculate the highest common factor of 521237 and 1853.
17
Calculate the greatest common factor of 590344125 and 119.
119
What is the greatest common divisor of 2057904234 and 43?
43
What is the greatest common factor of 1555 and 15335721?
311
Calculate the greatest common factor of 4570157 and 197039.
1913
Calculate the greatest common divisor of 9357447 and 5412.
33
What is the highest common divisor of 5390 and 25260?
10
What is the greatest common factor of 57330 and 567450?
1170
Calculate the highest common divisor of 90402 and 87594.
78
Calculate the highest common divisor of 1364892 and 15729.
321
Calculate the greatest common factor of 980 and 269262.
14
Calculate the highest common factor of 31974546 and 24.
6
What is the highest common factor of 7013055 and 45?
15
Calculate the greatest common factor of 42 and 153501446.
14
Calculate the highest common divisor of 62 and 360091691.
31
What is the highest common factor of 583 and 27975149?
53
Calculate the greatest common divisor of 1480436 and 87916.
124
Calculate the greatest common factor of 19632281 and 142.
71
What is the greatest common factor of 425256 and 20163?
1833
What is the highest common divisor of 4256409 and 85?
17
What is the greatest common factor of 745360 and 9520?
560
What is the highest common factor of 12 and 304938891?
3
Calculate the highest common factor of 746092663 and 5667.
1889
Calculate the highest common factor of 3163 and 284847128.
3163
Calculate the highest common divisor of 273257 and 7273.
1039
Calculate the highest common divisor of 5037 and 55614.
69
What is the highest common divisor of 3811354 and 2146?
58
Calculate the highest common factor of 84959964 and 1116.
1116
Calculate the greatest common factor of 6026510 and 20080.
2510
What is the greatest common factor of 1280 and 1158320?
80
Calculate the highest common divisor of 20732 and 4790260.
292
Calculate the greatest common divisor of 172034617 and 9682.
4841
Calculate the highest common factor of 238 and 1455914.
34
What is the highest common divisor of 4818 and 2792250?
438
What is the greatest common divisor of 27524305 and 23170?
1655
Calculate the greatest common factor of 710215 and 11055.
55
What is the highest common divisor of 173691 and 11151?
189
Calculate the greatest common divisor of 1003921 and 344.
43
What is the highest common factor of 18 and 105137118?
18
Calculate the greatest common divisor of 29946921 and 16611.
339
Calculate the greatest common factor of 240 and 426753960.
120
What is the greatest common divisor of 3866292 and 1971?
27
Calculate the highest commo